 + 86 = -102. Suppose -c + 0*j + 2*j + q = 0, -4*c + 3*j + z = 0. List the prime factors of c.
11
Let k be 160/26 - 2/13. Let w = 2 + k. List the prime factors of w.
2
Let t = 11 + 11. List the prime factors of t.
2, 11
Let h = -1 - -1. Suppose -8*y + 3*y + 90 = h. What are the prime factors of y?
2, 3
Suppose 0 = -f - 1, k + 2*f - 61 - 76 = 0. What are the prime factors of k?
139
What are the prime factors of (-273)/(-9) + (-3)/9?
2, 3, 5
Let b = 4 + -1. Let k be (1 + -1 - -2) + b. Suppose -5*r - k*d + 0*d = -20, 0 = -5*r - 2*d + 23. What are the prime factors of r?
5
Let b be (-32)/(-20) - 4/(-10). Let n be (17/(-1))/(-3 + b). Let y = 29 - n. What are the prime factors of y?
2, 3
What are the prime factors of ((-8)/4)/(4/(-18))?
3
Suppose -3 = -2*t + 3*t, 0 = 3*r + 5*t + 18. List the prime factors of 38/(-2*1/r).
19
Let d(s) = 2*s**2 - 19*s + 56. What are the prime factors of d(16)?
2, 3, 11
Let b(w) = -w**3 - 2*w**2 + 13*w + 10. What are the prime factors of b(-7)?
2, 41
Let t(p) be the third derivative of p**4/24 + 2*p**3 + 2*p**2. List the prime factors of t(-5).
7
Suppose 5*s - 37 = -12. Suppose 5*l + 41 = 4*p, s*p = 2*p + 5*l + 32. What are the prime factors of p?
3
List the prime factors of 3/6*(4 - -290).
3, 7
Let m = 131 - 94. Let s = 23 - m. Let n = -7 - s. What are the prime factors of n?
7
Suppose -4*v = -5*v - 1. What are the prime factors of (16 - 3) + -1 + v?
11
Let h = 2 - 6. Let g(a) = -3 - 6*a + 3 + 2*a + 4. List the prime factors of g(h).
2, 5
Suppose 2*w + 5*l - l - 180 = 0, 20 = 5*l. What are the prime factors of w?
2, 41
Let n = -8 + 6. Let t be (-6)/(168/81 + n). What are the prime factors of (4/6)/((-6)/t)?
3
Suppose -28 = k - 113. Suppose -s - k = -3*x - 2*x, -4*s = -4*x + 68. What are the prime factors of x?
17
Let f = -40 - -69. List the prime factors of f.
29
Let r be 2/4*2*1. Let p be (r - -3)/2 + 10. Suppose 0 = -2*y - 2*y + p. List the prime factors of y.
3
Suppose 0 = 3*q - 5*q - 3*g + 62, 0 = 4*q - 3*g - 142. List the prime factors of q.
2, 17
List the prime factors of (-9)/(-3) + -4 - -51.
2, 5
Let h(o) = 2*o**3 + o + 2*o + 5*o + 0*o**3 - 6*o**2 - 9. What are the prime factors of h(4)?
5, 11
List the prime factors of (42 - -4)*(-1)/(-1).
2, 23
Let q = -303 + 585. What are the prime factors of q?
2, 3, 47
Let x(u) = 14*u + 4. List the prime factors of x(2).
2
Suppose 4*t = 3*n - 125, 0 = -3*n - 2*t - 0*t + 149. What are the prime factors of n?
47
Suppose 0 = 3*l + 15, l = 4*c + 4*l - 433. List the prime factors of c.
2, 7
Let n = -41 - -181. List the prime factors of n.
2, 5, 7
Suppose 0 = 4*s - 13 - 7. Let y = s - -35. List the prime factors of y.
2, 5
Let a(z) = z**3 - 16*z**2 - 10*z - 17. List the prime factors of a(17).
2, 3, 17
Let c be (-5)/2*(-6)/5. Suppose c*b + b = 12. Suppose 0 = 4*k + b*l - 63, -2*l = 5*k - 48 - 22. List the prime factors of k.
2, 3
Let p(r) = -r**2 + 11*r - 5. What are the prime factors of p(4)?
23
Let k = -2 + 8. Suppose -k*j + 8 = -2*j. Suppose -4*m = -4*l - l + j, -5*l = 2*m - 14. What are the prime factors of l?
2
Suppose -j = -5*w - 225, 8*j - w - 441 = 6*j. List the prime factors of j.
2, 5, 11
What are the prime factors of -5 + (5 - 5) + 194?
3, 7
Suppose p - 41 = 3*l - 0*l, 4*l - 6 = -p. What are the prime factors of p?
2, 13
Let s be 6 + 1 + -4 + 3. Let c = s + 1. What are the prime factors of c?
7
Suppose 0 = 3*x - 4*x + 11. What are the prime factors of x?
11
What are the prime factors of (-2)/(-6) + 114/9?
13
Suppose 37*t - 1986 = 31*t. What are the prime factors of t?
331
Suppose -100 = q - 5*q. Let w be 65/q + 4/10. Suppose -3*n - j = -4, -w*n - 2*n = -3*j - 16. List the prime factors of n.
2
Suppose 2*n - 6 = 14. Let s = n - 7. Suppose -s*k = 3, -4*k + 64 = 3*a - 5*k. What are the prime factors of a?
3, 7
Let j(a) be the second derivative of a**3/2 - 5*a**2/2 + 3*a. Let k(n) = -n + 1. Let g be k(-4). List the prime factors of j(g).
2, 5
Let p = 6 - 7. Let u be p*(1 + 3) + 1. Let h = u - -11. What are the prime factors of h?
2
Let a = -1 - 9. Let g = a - -13. What are the prime factors of g?
3
Let s = -7 - -9. List the prime factors of s.
2
Let b(v) = 5 - 1 - 5 - v. What are the prime factors of b(-4)?
3
Let t(a) = -a - 5. Let g = -3 - -3. Let r be t(g). Let f = r + 14. List the prime factors of f.
3
Let f(l) = 7*l - 1. Suppose 1 = a + 4, -2*a = -3*i + 9. What are the prime factors of f(i)?
2, 3
Let h be 3/4 + (-46)/8. Let q(c) = -5*c - 5. List the prime factors of q(h).
2, 5
Suppose -f - 1 = 0, 2*b - 3 - 11 = 4*f. Let u = b - 0. What are the prime factors of u?
5
Suppose 4 = 2*b + g, -4*b + 28 = -2*b - 5*g. Suppose -38 = -b*v + o, v - 19 + 4 = 3*o. What are the prime factors of v?
3
Let s = 128 + -76. Let a = s + -14. List the prime factors of a.
2, 19
Suppose -4*j = -j + 12. Let c = j - -7. List the prime factors of c.
3
List the prime factors of ((-1)/2)/((-13)/(-26)) + 51.
2, 5
Suppose -g = -4*q + 154, -2*q + 7*q + 3*g = 201. What are the prime factors of (6*-1)/(q/(-26))?
2
List the prime factors of 10/(-4) - -2 - (-381)/6.
3, 7
Let t(u) = 6*u + u**2 + 3*u**2 - u**2 - 1 - 2*u**2. List the prime factors of t(-8).
3, 5
Let k(t) = 7*t**2 - 11*t + 14. Let n(g) = -3*g**2 + 6*g - 7. Let a(u) = 2*k(u) + 5*n(u). Let v be a(8). Let y = v + 20. What are the prime factors of y?
13
Suppose -5*r = -982 + 47. List the prime factors of r.
11, 17
Let x = -7 - -25. What are the prime factors of x?
2, 3
Let m = 47 - -8. List the prime factors of m.
5, 11
Let k be -1 - -6 - (4 + -2). Suppose -2*h = -0*h - k*x - 15, 0 = -5*h + 5*x + 30. List the prime factors of h.
3
Let o(a) = 7*a. Let p = -7 + 11. Suppose -2*c = -p*x - 25 + 3, 4*x = -20. List the prime factors of o(c).
7
Let f(r) = 3*r - 3. Let i be f(2). Let y(n) = -9*n**2 - 3*n - 6. Let p(o) = -4*o**2 - o - 3. Let s(w) = -7*p(w) + 3*y(w). List the prime factors of s(i).
2, 3
Let b(h) = -h + 36. What are the prime factors of b(-16)?
2, 13
Let w(f) = 24*f**2 + 3*f + 2. List the prime factors of w(-1).
23
List the prime factors of 19 - -3 - (-3 - -4).
3, 7
Let p be 1*-15*3/(-9). Suppose 0 = -p*f - 10 + 25. Suppose 2*n = f*n - 5. What are the prime factors of n?
5
Suppose 4*b + 5*m - 77 = 0, -5*m - 27 = -4*b - 0*b. Let w = b - 6. Let v(p) = -p**3 + 8*p**2 - 7*p + 8. List the prime factors of v(w).
2
Let o be (-33)/(-12)*(1 + 3). Let z = 16 - o. List the prime factors of z.
5
Suppose -3*w + 4*k + 72 = k, -126 = -4*w - 2*k. List the prime factors of w.
29
Let l = -6 - -34. List the prime factors of l.
2, 7
Let l(r) = r + 9. Let s be l(-9). Suppose -2*g - 4*u + 60 = g, s = 4*u. List the prime factors of g.
2, 5
Suppose 2*v - v + 16 = 4*d, -4*v = 4*d - 16. Suppose v - 10 = 2*z. Let r(t) = -3*t - 7. What are the prime factors of r(z)?
2
Let g(u) = u**3 - 3*u**2 + u - 1. Let x be g(2). Let b be 82 - (18/(-3) - x). What are the prime factors of (b/20)/(1/4)?
17
Let u(j) = 30*j**2 + 9*j - 25. What are the prime factors of u(3)?
2, 17
Let b be (-1 - -3) + 26/1. Suppose -b = -m + 5. List the prime factors of m.
3, 11
Let b = -13 - -28. Let a = b + -11. Suppose l = 2*r - a, -2*l - 3 - 1 = -2*r. What are the prime factors of r?
2
Let n(c) = -c**2 + 7*c + 3. Let g be n(7). Suppose 6 = k - 2*v, 0 = g*k + 3*v + 21 - 57. What are the prime factors of k?
2, 5
Let j(g) = -2*g**3 - 5*g**2 - g. Let h(x) = 3*x**3 + 5*x**2 + x - 1. Let o(w) = 3*h(w) + 4*j(w). List the prime factors of o(6).
3
Let j = 21 - -13. What are the prime factors of j?
2, 17
Let d = -10 - -16. List the prime factors of d.
2, 3
List the prime factors of (-2 + 1)*(-973)/7.
139
Let o be 4 - (0 + -1 - -1). Let x(m) = m**3 - 4*m**2 + 3*m. Let k be x(3). Suppose -c - o*c + 10 = k. List the prime factors of c.
2
Suppose 2*c + 4*z - 18 = 0, 2*c - 3*c - 3*z + 11 = 0. Suppose -90 = -c*u + 60. What are the prime factors of u?
2, 3, 5
Let n(d) = d**3 + 5*d**2 - d - 3. Suppose 3*v - 12 = 0, 3 - 6 = 3*q + 3*v. Let w be n(q). Suppose -2 = -z + w. List the prime factors of z.
2
Suppose 4 = 5*p - p. Suppose -3*o = 17 + p. Let j = o + 14. What are the prime factors of j?
2
Suppose 4*b = 48 - 0. List the prime factors of b.
2, 3
Let w = -9 + 15. Let d(k) = k**2 + k**2 - 4*k - k**2 - 2. What are the prime factors of d(w)?
2, 5
Suppose -45 + 153 = -5*d - 2*r, -2*d + 5*r - 20 = 0. Suppose -3*q = 3